3057 composite?
True
Is 1436086061 prime?
False
Is 39776857 a composite number?
True
Is 13068924149 prime?
False
Is 3080798797 a prime number?
True
Is 296928133 a composite number?
True
Is 34880227391 composite?
False
Is 1108511189 a prime number?
True
Is 7342174597 prime?
True
Is 531782171 composite?
True
Is 2666651033 composite?
True
Is 40394337513 a composite number?
True
Is 1283518001 a composite number?
True
Is 6823061233 a composite number?
False
Is 617340247 a composite number?
False
Is 88057151207 a composite number?
True
Is 8320314007 a prime number?
False
Is 35411857 a composite number?
True
Is 628509853 composite?
False
Is 67877644187 a composite number?
False
Is 113695169047 a prime number?
True
Is 52576042867 a composite number?
False
Is 1167690521 prime?
True
Is 31899283721 a composite number?
False
Is 83675930677 a prime number?
True
Is 729536911 a composite number?
True
Is 2454826331 a composite number?
False
Is 1331551049 composite?
True
Is 51811585901 prime?
False
Is 807473929 a composite number?
True
Is 79974964249 prime?
False
Is 1999631479 a composite number?
False
Is 366386973 prime?
False
Is 1864749811 a prime number?
False
Is 220353787 a composite number?
False
Is 3608574713 a composite number?
False
Is 1245664151 a composite number?
False
Is 6506994157 a prime number?
False
Is 329067857 a prime number?
True
Is 14208373511 prime?
False
Is 193826981 a prime number?
False
Is 1345340363 a prime number?
False
Is 173871444239 a prime number?
False
Is 68746987 a composite number?
False
Is 1657801679 a prime number?
True
Is 1692807989 prime?
True
Is 29842897213 composite?
True
Is 183791779 composite?
False
Is 56202577 prime?
True
Is 6287475407 composite?
False
Is 3665522519 prime?
True
Is 881815073 composite?
True
Is 343547693 a prime number?
True
Is 15243026231 a prime number?
True
Is 2249211121 a prime number?
True
Is 149923273 prime?
False
Is 41200552843 composite?
False
Is 3903704846 a prime number?
False
Is 40776221203 a composite number?
False
Is 60429154619 prime?
False
Is 5774862281 a prime number?
True
Is 52246155571 composite?
True
Is 3943574911 composite?
False
Is 2049582523 composite?
False
Is 204292518202 prime?
False
Is 142132965521 a prime number?
False
Is 5069765879 a prime number?
False
Is 7333329097 a composite number?
False
Is 176592163877 prime?
True
Is 2596017719 prime?
False
Is 508142771 a prime number?
False
Is 6874832141 composite?
False
Is 35917965851 a composite number?
False
Is 198403837 composite?
False
Is 71273130659 prime?
False
Is 191773496807 a prime number?
True
Is 5466275231 a composite number?
False
Is 169777468097 prime?
False
Is 51458039057 composite?
True
Is 549034973 prime?
True
Is 229212853841 a composite number?
False
Is 230305637 composite?
False
Is 14446433921 a composite number?
True
Is 317806103 a composite number?
True
Is 9294694649 a composite number?
True
Is 547417639 prime?
True
Is 540669991 prime?
True
Is 33237883405 prime?
False
Is 796815641 composite?
False
Is 4303676467 a composite number?
False
Is 41715596309 a prime number?
True
Is 3077236153 a composite number?
False
Is 104618387047 composite?
False
Is 11970332237 prime?
True
Is 45177122449 composite?
True
Is 1752858071 prime?
True
Is 469192991 composite?
True
Is 4010772571 prime?
False
Is 6265277443 composite?
False
Is 4213376861 a prime number?
True
Is 681090727 a prime number?
True
Is 2319870893 prime?
True
Is 1222836739 prime?
False
Is 1172565859 prime?
True
Is 1231964911 a composite number?
True
Is 7150792267 a prime number?
False
Is 1237466497 a composite number?
True
Is 491338789 prime?
True
Is 1321388099 a prime number?
True
Is 7645005149 a prime number?
True
Is 15986620697 composite?
False
Is 1706693033 prime?
True
Is 3231091207 a composite number?
True
Is 3460002121 a composite number?
True
Is 1412345747 prime?
False
Is 721855583 a prime number?
False
Is 521004409 prime?
True
Is 7902812102 a composite number?
True
Is 1141222307 a composite number?
False
Is 23804016979 prime?
False
Is 9257494083 a composite number?
True
Is 14232116369 a composite number?
False
Is 1513497917 composite?
False
Is 38905214309 a composite number?
True
Is 3346743355 composite?
True
Is 13458053291 prime?
True
Is 6427538441 composite?
True
Is 12599838805 prime?
False
Is 45510547507 a prime number?
True
Is 2361775567 prime?
True
Is 652376357 a composite number?
False
Is 116864407651 prime?
True
Is 30123871913 composite?
True
Is 732317423 composite?
True
Is 66108229727 a composite number?
True
Is 3985651843 composite?
False
Is 2753263559 prime?
True
Is 3263693947 a composite number?
True
Is 16034715377 prime?
True
Is 61269154651 prime?
False
Is 36021136391 prime?
True
Is 292899943 a prime number?
False
Is 5668909019 a composite number?
True
Is 43249441559 a prime number?
False
Is 208668067 a composite number?
False
Is 347679407 a prime number?
True
Is 7431495811 a prime number?
True
Is 14817359793 a composite number?
True
Is 2107222921 a composite number?
True
Is 1534326877 a prime number?
True
Is 115666802593 a prime number?
True
Is 11454164081 a prime number?
True
Is 311109751 a composite number?
True
Is 1570039109 prime?
False
Is 76028383829 a prime number?
False
Is 1405695173 prime?
False
Is 322637869 a composite number?
False
Is 113649251 a composite number?
True
Is 5995794523 a composite number?
True
Is 56709749 a prime number?
True
Is 9358174159 prime?
True
Is 1540385513 composite?
True
Is 17981267231 a prime number?
True
Is 131860957 a prime number?
False
Is 113800679 composite?
False
Is 5197973387 composite?
False
Is 64208695843 prime?
False
Is 1239722669 a composite number?
False
Is 18349288651 a composite number?
True
Is 499712153 composite?
False
Is 51128355077 a composite number?
False
Is 12527815279 prime?
False
Is 454557703 composite?
True
Is 52980023 prime?
False
Is 16190437411 composite?
True
Is 553697057 a composite number?
True
Is 23818427306 composite?
True
Is 1197738037 a composite number?
False
Is 15721262339 a composite number?
True
Is 2501958623 prime?
False
Is 5424522361 a composite number?
False
Is 5115852019 a composite number?
True
Is 1244301085 a composite number?
True
Is 862599623 a prime number?
False
Is 11696846927 a prime number?
False
Is 18764402081 a composite number?
False
Is 61119849757 prime?
True
Is 1642546289 a composite number?
True
Is 9827743 composite?
False
Is 220669811 composite?
True
Is 114174137741 a composite number?
False
Is 65894995763 prime?
False
Is 40884941941 prime?
True
Is 3993469283 composite?
True
Is 3994627423 a composite number?
True
Is 37553261 a prime number?
False
Is 610914851 a composite number?
True
Is 2846668607 a composite number?
False
Is 948184883 a prime number?
True
Is 5356621877 a prime number?
True
Is 6850696471 a composite number?
False
Is 6669465091 composite?
False
Is 626437969 prime?
True
Is 905285614 prime?
False
Is 238785479 a composite number?
True
Is 113832997 a composite number?
True
Is 8359042667 composite?
True
Is 44981147 composite?
True
Is 11167263953 a prime number?
True
Is 10785158263 prime?
False
Is 244817939 a composite number?
False
Is 70921679473 a prime number?
True
Is 8565382237 a prime number?
True
Is 40270722307 composite?
True
Is 76409531395 a composite number?
True
Is 2767618255 a composite number?
True
Is 2688005986 a composite number?
True
Is 571216258 a composite number?
True
Is 26108089123 a prime number?
False
Is 3152415363 composite?
True
Is 5377721539 a prime number?
True
Is 7372232423 a prime number?
False
Is 1085823727 a prime number?
False
Is 41964676739 a composite number?
False
Is 25682362429 composite?
False
Is 9891653 a composite number?
False
Is 130733189147 prime?
False
Is 2269377778 composite?
True
Is 47125379321 prime?
True
Is 1151991187 a prime number?
False
Is 2357727479 prime?
True
Is 776463707 a prime number?
False
Is 146208464279 a composite number?
True
Is 21898961087 prime?
False
Is 313827547 a prime number?
False
Is 60556099399 prime?
True
Is 7794015577 a composite number?
False
Is 207810412129 a prime number?
False
Is 274897211 prime?
True
Is 2482492739 prime?
False
Is 2620444577 composite?
False
Is 10640020649 prime?
True
Is 8920601279 a composite number?
True
Is 6621799891 a prime number?
False
Is 1150459274 a 